66.
66
Calculate the highest common factor of 75450 and 60.
30
Calculate the highest common factor of 66 and 5995.
11
Calculate the greatest common factor of 4 and 26.
2
What is the greatest common divisor of 276 and 36?
12
Calculate the highest common factor of 256 and 4160.
64
What is the greatest common factor of 9089 and 298?
149
Calculate the highest common factor of 857 and 5.
1
What is the highest common factor of 480 and 10?
10
What is the highest common divisor of 3 and 9?
3
What is the highest common divisor of 2358 and 72?
18
Calculate the highest common factor of 330 and 7755.
165
What is the highest common factor of 24 and 8?
8
Calculate the greatest common factor of 10440 and 180.
180
What is the highest common divisor of 4665 and 15?
15
What is the highest common factor of 3094 and 238?
238
What is the highest common factor of 42 and 16275?
21
Calculate the greatest common factor of 1716 and 132.
132
What is the highest common factor of 420 and 24?
12
What is the greatest common divisor of 35 and 7?
7
What is the greatest common factor of 60 and 200?
20
What is the greatest common divisor of 7807 and 1899?
211
Calculate the highest common factor of 7063 and 7.
7
What is the highest common divisor of 245 and 98?
49
Calculate the greatest common divisor of 21 and 6.
3
What is the greatest common factor of 11 and 1287?
11
Calculate the highest common factor of 310 and 992.
62
Calculate the highest common divisor of 36 and 59844.
12
What is the greatest common divisor of 590 and 1888?
118
Calculate the highest common factor of 76 and 8816.
76
What is the highest common factor of 55 and 253?
11
Calculate the highest common divisor of 81 and 675.
27
What is the greatest common divisor of 759 and 33?
33
Calculate the highest common factor of 55 and 88.
11
What is the highest common divisor of 30747 and 444?
111
What is the highest common divisor of 306 and 510?
102
What is the highest common divisor of 3440 and 60?
20
Calculate the highest common divisor of 33 and 27.
3
What is the greatest common factor of 3367 and 91?
91
What is the highest common factor of 35263 and 179?
179
What is the greatest common factor of 21 and 3?
3
Calculate the greatest common factor of 20 and 2560.
20
Calculate the greatest common factor of 56 and 40.
8
What is the greatest common divisor of 228 and 266?
38
Calculate the greatest common factor of 7 and 1099.
7
Calculate the greatest common divisor of 221 and 17.
17
Calculate the highest common divisor of 294 and 30.
6
What is the greatest common divisor of 35 and 545?
5
Calculate the greatest common divisor of 35888 and 32.
16
Calculate the greatest common factor of 190 and 475.
95
Calculate the greatest common divisor of 320 and 10.
10
What is the greatest common factor of 36 and 12894?
6
What is the greatest common factor of 4 and 117?
1
Calculate the greatest common factor of 567 and 91.
7
Calculate the highest common divisor of 51 and 119.
17
Calculate the highest common divisor of 14290 and 40.
10
What is the greatest common divisor of 320 and 60?
20
What is the greatest common factor of 1512 and 168?
168
What is the greatest common factor of 14892 and 146?
146
What is the highest common divisor of 1392 and 5916?
348
Calculate the greatest common divisor of 7 and 4.
1
What is the greatest common factor of 16 and 1028?
4
Calculate the greatest common divisor of 270 and 525.
15
What is the highest common divisor of 660 and 924?
132
Calculate the greatest common factor of 22 and 5027.
11
What is the greatest common factor of 328 and 736?
8
What is the greatest common factor of 182 and 3402?
14
Calculate the highest common divisor of 143 and 26.
13
Calculate the greatest common factor of 3139 and 219.
73
What is the highest common factor of 357 and 42?
21
What is the highest common factor of 75 and 125?
25
Calculate the highest common divisor of 49 and 833.
49
What is the greatest common divisor of 7 and 560?
7
What is the highest common divisor of 2406 and 24?
6
What is the highest common divisor of 98 and 154?
14
Calculate the highest common divisor of 3 and 10.
1
What is the highest common divisor of 176 and 242?
22
Calculate the highest common divisor of 38 and 874.
38
What is the highest common divisor of 513 and 912?
57
What is the greatest common factor of 36765 and 43?
43
Calculate the greatest common divisor of 1309 and 34.
17
What is the greatest common divisor of 736 and 506?
46
What is the highest common divisor of 8470 and 70?
70
Calculate the greatest common factor of 100 and 6.
2
What is the highest common factor of 77 and 4774?
77
What is the greatest common divisor of 17751 and 366?
183
Calculate the greatest common factor of 4 and 7156.
4
What is the highest common divisor of 176 and 110?
22
What is the greatest common divisor of 182 and 22022?
182
Calculate the highest common divisor of 5612 and 122.
122
Calculate the highest common factor of 2724 and 54.
6
Calculate the highest common divisor of 224 and 350.
14
What is the greatest common factor of 12 and 324?
12
Calculate the highest common divisor of 28 and 2114.
14
Calculate the greatest common divisor of 399 and 63.
21
Calculate the greatest common factor of 3111 and 732.
183
Calculate the greatest common divisor of 12 and 198.
6
What is the greatest common divisor of 285 and 24320?
95
What is the highest common factor of 450 and 100?
50
What is the greatest common factor of 133 and 209?
19
What is the greatest common factor of 189 and 84?
21
What is the greatest common factor of 5828 and 496?
124
What is the greatest common divisor of 76 and 2489?
19
Calculate the greatest common factor of 360 and 1710.
90
What is the highest common divisor of 295 and 118?
59
What is the greatest common factor of 24 and 12906?
6
What is the highest common divisor of 68 and 3?
1
What is the highest common divisor of 738 and 4018?
82
What is the highest common divisor of 135 and 360?
45
What is the greatest common divisor of 26 and 8190?
26
Calculate the greatest common factor of 336 and 66192.
336
What is the greatest common divisor of 1524 and 60?
12
Calculate the greatest common factor of 60 and 5140.
20
Calculate the greatest common factor of 2373 and 105.
21
What is the greatest common factor of 192 and 16?
16
Calculate the greatest common divisor of 205 and 287.
41
What is the greatest common divisor of 14592 and 228?
228
Calculate the highest common factor of 33 and 407.
11
Calculate the highest common divisor of 10980 and 450.
90
What is the greatest common factor of 1014 and 1742?
26
What is the highest common divisor of 399 and 49?
7
What is the highest common divisor of 144 and 13248?
144
Calculate the greatest common divisor of 216 and 8856.
216
What is the highest common divisor of 602 and 686?
14
Calculate the highest common divisor of 1188 and 308.
44
What is the highest common divisor of 150 and 2370?
30
Calculate the greatest common divisor of 375 and 3.
3
Calculate the greatest common divisor of 6275 and 25.
25
What is the greatest common factor of 1190 and 60?
10
What is the greatest common divisor of 187 and 51?
17
What is the highest common factor of 2025 and 25?
25
What is the greatest common divisor of 25 and 1150?
25
Calculate the greatest common divisor of 140 and 3276.
28
What is the highest common factor of 2014 and 152?
38
Calculate the greatest common divisor of 39302 and 172.
86
Calculate the greatest common divisor of 24 and 408.
24
What is the highest common divisor of 374 and 1258?
34
What is the greatest common factor of 6 and 18?
6
What is the highest common factor of 264 and 2772?
132
What is the highest common divisor of 2610 and 319?
29
What is the greatest common divisor of 60 and 16?
4
Calculate the greatest common factor of 2220 and 180.
60
What is the highest common divisor of 310 and 10?
10
What is the highest common factor of 494 and 52?
26
Calculate the highest common factor of 1245 and 15.
15
Calculate the highest common factor of 189 and 27.
27
What is the highest common divisor of 174 and 261?
87
What is the greatest common factor of 18 and 2358?
18
Calculate the highest common divisor of 15183 and 1205.
241
What is the greatest common factor of 2 and 38?
2
What is the greatest common factor of 1